{"id":805,"date":"2024-04-11T11:25:50","date_gmt":"2024-04-11T11:25:50","guid":{"rendered":"https:\/\/seoland.themeht.com\/?page_id=805"},"modified":"2025-09-14T21:19:50","modified_gmt":"2025-09-15T00:19:50","slug":"sobre-nos","status":"publish","type":"page","link":"https:\/\/www.nuvia.co.mz\/index.php\/sobre-nos\/","title":{"rendered":"Sobre n\u00f3s"},"content":{"rendered":"\t\t<div data-elementor-type=\"wp-page\" data-elementor-id=\"805\" class=\"elementor elementor-805\" data-elementor-post-type=\"page\">\n\t\t\t\t<div class=\"elementor-element elementor-element-a073380 e-flex e-con-boxed e-con e-parent\" data-id=\"a073380\" data-element_type=\"container\" data-e-type=\"container\">\n\t\t\t\t\t<div class=\"e-con-inner\">\n\t\t\t\t<div class=\"elementor-element elementor-element-f01eb73 elementor-widget elementor-widget-spacer\" data-id=\"f01eb73\" data-element_type=\"widget\" data-e-type=\"widget\" data-widget_type=\"spacer.default\">\n\t\t\t\t\t\t\t<div class=\"elementor-spacer\">\n\t\t\t<div class=\"elementor-spacer-inner\"><\/div>\n\t\t<\/div>\n\t\t\t\t\t\t<\/div>\n\t\t\t\t\t<\/div>\n\t\t\t\t<\/div>\n\t\t\t\t<section class=\"elementor-section elementor-top-section elementor-element elementor-element-df50e52 elementor-section-content-middle elementor-section-boxed elementor-section-height-default elementor-section-height-default\" data-id=\"df50e52\" data-element_type=\"section\" data-e-type=\"section\">\n\t\t\t\t\t\t<div class=\"elementor-container elementor-column-gap-default\">\n\t\t\t\t\t<div class=\"elementor-column elementor-col-50 elementor-top-column elementor-element elementor-element-8336c15\" data-id=\"8336c15\" data-element_type=\"column\" data-e-type=\"column\">\n\t\t\t<div class=\"elementor-widget-wrap elementor-element-populated\">\n\t\t\t\t\t\t<div class=\"elementor-element elementor-element-3b8e48c elementor-widget elementor-widget-ht-shape-image\" data-id=\"3b8e48c\" data-element_type=\"widget\" data-e-type=\"widget\" data-widget_type=\"ht-shape-image.default\">\n\t\t\t\t<div class=\"elementor-widget-container\">\n\t\t\t\t\t\r\n\r\n        \r\n                            <div class=\"shape-img-bg\">\r\n          <img fetchpriority=\"high\" decoding=\"async\" width=\"2560\" height=\"1706\" src=\"https:\/\/www.nuvia.co.mz\/wp-content\/uploads\/2025\/09\/african-american-business-man-scaled.jpg\" class=\"attachment-full size-full wp-image-1551\" alt=\"\" srcset=\"https:\/\/www.nuvia.co.mz\/wp-content\/uploads\/2025\/09\/african-american-business-man-scaled.jpg 2560w, https:\/\/www.nuvia.co.mz\/wp-content\/uploads\/2025\/09\/african-american-business-man-300x200.jpg 300w, https:\/\/www.nuvia.co.mz\/wp-content\/uploads\/2025\/09\/african-american-business-man-1024x683.jpg 1024w, https:\/\/www.nuvia.co.mz\/wp-content\/uploads\/2025\/09\/african-american-business-man-768x512.jpg 768w, https:\/\/www.nuvia.co.mz\/wp-content\/uploads\/2025\/09\/african-american-business-man-1536x1024.jpg 1536w, https:\/\/www.nuvia.co.mz\/wp-content\/uploads\/2025\/09\/african-american-business-man-2048x1365.jpg 2048w, https:\/\/www.nuvia.co.mz\/wp-content\/uploads\/2025\/09\/african-american-business-man-600x400.jpg 600w, https:\/\/www.nuvia.co.mz\/wp-content\/uploads\/2025\/09\/african-american-business-man-1200x800.jpg 1200w\" sizes=\"(max-width: 2560px) 100vw, 2560px\" \/>          <div class=\"img-bg-shape\">\r\n            <svg xmlns=\"http:\/\/www.w3.org\/2000\/svg\" x=\"0px\" y=\"0px\" viewBox=\"0 0 288 288\">\r\n              <linearGradient id=\"imagewave2\" x1=\"70.711%\" x2=\"0%\" y1=\"70.711%\" y2=\"0%\">\r\n                <stop class=\"stop-color2\" offset=\"0%\" stop-opacity=\"1\"><\/stop>\r\n                <stop class=\"stop-color1\" offset=\"100%\" stop-opacity=\"1\"><\/stop>\r\n              <\/linearGradient>\r\n              <path fill=\"url(#imagewave2)\">\r\n\r\n                <animate repeatCount=\"indefinite\" attributeName=\"d\" dur=\"5s\" values=\"M37.5,186c-12.1-10.5-11.8-32.3-7.2-46.7c4.8-15,13.1-17.8,30.1-36.7C91,68.8,83.5,56.7,103.4,45\r\n                c22.2-13.1,51.1-9.5,69.6-1.6c18.1,7.8,15.7,15.3,43.3,33.2c28.8,18.8,37.2,14.3,46.7,27.9c15.6,22.3,6.4,53.3,4.4,60.2\r\n                c-3.3,11.2-7.1,23.9-18.5,32c-16.3,11.5-29.5,0.7-48.6,11c-16.2,8.7-12.6,19.7-28.2,33.2c-22.7,19.7-63.8,25.7-79.9,9.7\r\n                c-15.2-15.1,0.3-41.7-16.6-54.9C63,186,49.7,196.7,37.5,186z;\r\n                \r\n                \r\n                M51,171.3c-6.1-17.7-15.3-17.2-20.7-32c-8-21.9,0.7-54.6,20.7-67.1c19.5-12.3,32.8,5.5,67.7-3.4C145.2,62,145,49.9,173,43.4\r\n                c12-2.8,41.4-9.6,60.2,6.6c19,16.4,16.7,47.5,16,57.7c-1.7,22.8-10.3,25.5-9.4,46.4c1,22.5,11.2,25.8,9.1,42.6\r\n                c-2.2,17.6-16.3,37.5-33.5,40.8c-22,4.1-29.4-22.4-54.9-22.6c-31-0.2-40.8,39-68.3,35.7c-17.3-2-32.2-19.8-37.3-34.8\r\n                C48.9,198.6,57.8,191,51,171.3z;\r\n                \r\n                M37.5,186c-12.1-10.5-11.8-32.3-7.2-46.7c4.8-15,13.1-17.8,30.1-36.7C91,68.8,83.5,56.7,103.4,45\r\n                c22.2-13.1,51.1-9.5,69.6-1.6c18.1,7.8,15.7,15.3,43.3,33.2c28.8,18.8,37.2,14.3,46.7,27.9c15.6,22.3,6.4,53.3,4.4,60.2\r\n                c-3.3,11.2-7.1,23.9-18.5,32c-16.3,11.5-29.5,0.7-48.6,11c-16.2,8.7-12.6,19.7-28.2,33.2c-22.7,19.7-63.8,25.7-79.9,9.7\r\n                c-15.2-15.1,0.3-41.7-16.6-54.9C63,186,49.7,196.7,37.5,186z  \"><\/animate>\r\n\r\n                <\/path>\r\n\r\n              <\/svg>\r\n          <\/div>\r\n        <\/div>\r\n                        \r\n        \t\t\t\t<\/div>\n\t\t\t\t<\/div>\n\t\t\t\t\t<\/div>\n\t\t<\/div>\n\t\t\t\t<div class=\"elementor-column elementor-col-50 elementor-top-column elementor-element elementor-element-02d2537\" data-id=\"02d2537\" data-element_type=\"column\" data-e-type=\"column\">\n\t\t\t<div class=\"elementor-widget-wrap elementor-element-populated\">\n\t\t\t\t\t\t<div class=\"elementor-element elementor-element-3d788c0 elementor-widget elementor-widget-title\" data-id=\"3d788c0\" data-element_type=\"widget\" data-e-type=\"widget\" data-widget_type=\"title.default\">\n\t\t\t\t<div class=\"elementor-widget-container\">\n\t\t\t\t\t\r\n        <div class=\"theme-title  \">\r\n                          <h6>Sobre n\u00f3s<\/h6>\r\n\t\t\t \r\n          <h2> <\/h2>\r\n          <p>A <strong data-start=\"157\" data-end=\"166\">Nuvia<\/strong> \u00e9 um <strong data-start=\"172\" data-end=\"197\">hub de softwares SaaS<\/strong> focado em oferecer solu\u00e7\u00f5es digitais inovadoras que simplificam a gest\u00e3o e aceleram o crescimento de empresas de diferentes setores.<br data-start=\"330\" data-end=\"333\" \/>Mais do que sistemas, entregamos <strong data-start=\"366\" data-end=\"391\">solu\u00e7\u00f5es inteligentes<\/strong>, acess\u00edveis e adaptadas \u00e0 realidade dos nossos clientes.<\/p> \r\n        <\/div>\r\n        \r\n\r\n\r\n        \t\t\t\t<\/div>\n\t\t\t\t<\/div>\n\t\t\t\t<section class=\"elementor-section elementor-inner-section elementor-element elementor-element-afc9352 elementor-section-boxed elementor-section-height-default elementor-section-height-default\" data-id=\"afc9352\" data-element_type=\"section\" data-e-type=\"section\">\n\t\t\t\t\t\t<div class=\"elementor-container elementor-column-gap-no\">\n\t\t\t\t\t<div class=\"elementor-column elementor-col-50 elementor-inner-column elementor-element elementor-element-d0237e8\" data-id=\"d0237e8\" data-element_type=\"column\" data-e-type=\"column\">\n\t\t\t<div class=\"elementor-widget-wrap elementor-element-populated\">\n\t\t\t\t\t\t<div class=\"elementor-element elementor-element-93b179d elementor-widget elementor-widget-list_style\" data-id=\"93b179d\" data-element_type=\"widget\" data-e-type=\"widget\" data-widget_type=\"list_style.default\">\n\t\t\t\t<div class=\"elementor-widget-container\">\n\t\t\t\t\t\r\n        <!-- Start rendering the output -->\r\n        \r\n                        <ul class=\"list-unstyled list-icon style-1\">\r\n                          <li><i class=\"flaticon flaticon-check-mark\"><\/i> Softwares em nuvem.<\/li>\r\n                            <li><i class=\"flaticon flaticon-check-mark\"><\/i> Facil configura\u00e7\u00e3o.<\/li>\r\n                          <\/ul>\r\n                            \r\n                         \r\n            \r\n        <!-- End rendering the output -->\r\n\r\n\r\n\r\n        \t\t\t\t<\/div>\n\t\t\t\t<\/div>\n\t\t\t\t\t<\/div>\n\t\t<\/div>\n\t\t\t\t<div class=\"elementor-column elementor-col-50 elementor-inner-column elementor-element elementor-element-3acca6f\" data-id=\"3acca6f\" data-element_type=\"column\" data-e-type=\"column\">\n\t\t\t<div class=\"elementor-widget-wrap elementor-element-populated\">\n\t\t\t\t\t\t<div class=\"elementor-element elementor-element-bb8cf42 elementor-widget elementor-widget-list_style\" data-id=\"bb8cf42\" data-element_type=\"widget\" data-e-type=\"widget\" data-widget_type=\"list_style.default\">\n\t\t\t\t<div class=\"elementor-widget-container\">\n\t\t\t\t\t\r\n        <!-- Start rendering the output -->\r\n        \r\n                        <ul class=\"list-unstyled list-icon style-1\">\r\n                          <li><i class=\"flaticon flaticon-check-mark\"><\/i> Suporte cont\u00ednuo.<\/li>\r\n                            <li><i class=\"flaticon flaticon-check-mark\"><\/i> Uso em qualquer area.<\/li>\r\n                          <\/ul>\r\n                            \r\n                         \r\n            \r\n        <!-- End rendering the output -->\r\n\r\n\r\n\r\n        \t\t\t\t<\/div>\n\t\t\t\t<\/div>\n\t\t\t\t\t<\/div>\n\t\t<\/div>\n\t\t\t\t\t<\/div>\n\t\t<\/section>\n\t\t\t\t<div class=\"elementor-element elementor-element-27de254 elementor-widget elementor-widget-themeht_button\" data-id=\"27de254\" data-element_type=\"widget\" data-e-type=\"widget\" data-widget_type=\"themeht_button.default\">\n\t\t\t\t<div class=\"elementor-widget-container\">\n\t\t\t\t\t\r\n        <div class=\"\">\r\n          <a href=\"https:\/\/www.nuvia.co.mz\/index.php\/contacto\/\" class=\"themeht-btn primary-btn\"><span>Contactar Agente<\/span><i class=\"bi bi-arrow-right\"><\/i><\/a>\r\n        <\/div>\r\n\r\n        \t\t\t\t<\/div>\n\t\t\t\t<\/div>\n\t\t\t\t\t<\/div>\n\t\t<\/div>\n\t\t\t\t\t<\/div>\n\t\t<\/section>\n\t\t\t\t<section class=\"elementor-section elementor-top-section elementor-element elementor-element-fa37c9b elementor-section-boxed elementor-section-height-default elementor-section-height-default\" data-id=\"fa37c9b\" data-element_type=\"section\" data-e-type=\"section\">\n\t\t\t\t\t\t<div class=\"elementor-container elementor-column-gap-default\">\n\t\t\t\t\t<div class=\"elementor-column elementor-col-16 elementor-top-column elementor-element elementor-element-5befcc0 elementor-hidden-tablet elementor-hidden-mobile\" data-id=\"5befcc0\" data-element_type=\"column\" data-e-type=\"column\">\n\t\t\t<div class=\"elementor-widget-wrap\">\n\t\t\t\t\t\t\t<\/div>\n\t\t<\/div>\n\t\t\t\t<div class=\"elementor-column elementor-col-66 elementor-top-column elementor-element elementor-element-cede5cd\" data-id=\"cede5cd\" data-element_type=\"column\" data-e-type=\"column\">\n\t\t\t<div class=\"elementor-widget-wrap elementor-element-populated\">\n\t\t\t\t\t\t<div class=\"elementor-element elementor-element-dda3c09 elementor-widget elementor-widget-title\" data-id=\"dda3c09\" data-element_type=\"widget\" data-e-type=\"widget\" data-widget_type=\"title.default\">\n\t\t\t\t<div class=\"elementor-widget-container\">\n\t\t\t\t\t\r\n        <div class=\"theme-title  center\">\r\n                          <h6>Solu\u00e7\u00f5es<\/h6>\r\n\t\t\t \r\n          <h2> Solu\u00e7\u00f5es Inteligentes para Empresas Modernas\n<\/h2>\r\n           \r\n        <\/div>\r\n        \r\n\r\n\r\n        \t\t\t\t<\/div>\n\t\t\t\t<\/div>\n\t\t\t\t\t<\/div>\n\t\t<\/div>\n\t\t\t\t<div class=\"elementor-column elementor-col-16 elementor-top-column elementor-element elementor-element-935acf0 elementor-hidden-tablet elementor-hidden-mobile\" data-id=\"935acf0\" data-element_type=\"column\" data-e-type=\"column\">\n\t\t\t<div class=\"elementor-widget-wrap\">\n\t\t\t\t\t\t\t<\/div>\n\t\t<\/div>\n\t\t\t\t\t<\/div>\n\t\t<\/section>\n\t\t\t\t<section class=\"elementor-section elementor-top-section elementor-element elementor-element-160aecd elementor-section-boxed elementor-section-height-default elementor-section-height-default\" data-id=\"160aecd\" data-element_type=\"section\" data-e-type=\"section\">\n\t\t\t\t\t\t<div class=\"elementor-container elementor-column-gap-default\">\n\t\t\t\t\t<div class=\"elementor-column elementor-col-100 elementor-top-column elementor-element elementor-element-993ea4c\" data-id=\"993ea4c\" data-element_type=\"column\" data-e-type=\"column\">\n\t\t\t<div class=\"elementor-widget-wrap elementor-element-populated\">\n\t\t\t\t\t\t<div class=\"elementor-element elementor-element-a888184 elementor-widget elementor-widget-service-grid\" data-id=\"a888184\" data-element_type=\"widget\" data-e-type=\"widget\" data-widget_type=\"service-grid.default\">\n\t\t\t\t<div class=\"elementor-widget-container\">\n\t\t\t\t\t\r\n        <div class=\"row\">\r\n\r\n                           <div class=\"col-lg-4 col-md-6\">\r\n                    \r\n                            <div class=\"service-item style-2\">\r\n                    <div class=\"service-icon\">\r\n                            <\/div>\r\n              <div class=\"service-desc\">\r\n                  <div class=\"service-title\">\r\n                  <h4><a href=\"https:\/\/www.nuvia.co.mz\/index.php\/service\/tecnologia-suporte\/\">Tecnologia &amp; Suporte<\/a><\/h4>\r\n                <\/div>\r\n                <p>Ofere\u00e7a atendimento profissional e suporte de excel\u00eancia aos seus clientes. NuHelpdesk O NuHelpdesk organiza tickets de suporte, SLAs e relat\u00f3rios de atendimento. Oferece chat integrado e hist\u00f3rico completo de intera\u00e7\u00f5es. Adquirir Solu\u00e7\u00e3o NuMail O NuMail oferece emails profissionais com dom\u00ednio personalizado. \u00c9 seguro, moderno e integrado com calend\u00e1rio e contactos. Adquirir Solu\u00e7\u00e3o NuWeb O NuWeb [&hellip;]<\/p>\n              <\/div>\r\n              <a class=\"arrow-btn\" href=\"https:\/\/www.nuvia.co.mz\/index.php\/service\/tecnologia-suporte\/\">\r\n                    <i class=\"bi bi-arrow-up-right\"><\/i>\r\n                  <\/a>\r\n            <\/div>\r\n                \r\n                        \r\n                          <\/div>\r\n                              <div class=\"col-lg-4 col-md-6\">\r\n                    \r\n                            <div class=\"service-item style-2\">\r\n                    <div class=\"service-icon\">\r\n                            <\/div>\r\n              <div class=\"service-desc\">\r\n                  <div class=\"service-title\">\r\n                  <h4><a href=\"https:\/\/www.nuvia.co.mz\/index.php\/service\/gestao-empresarial\/\">Gest\u00e3o Empresarial<\/a><\/h4>\r\n                <\/div>\r\n                <p>Ferramentas para centralizar e modernizar a administra\u00e7\u00e3o do seu neg\u00f3cio. NuERP O NuERP \u00e9 a solu\u00e7\u00e3o completa de gest\u00e3o empresarial em nuvem. Permite integrar setores como vendas, compras, estoque, contabilidade e RH num \u00fanico sistema. Adquirir Solu\u00e7\u00e3o NuCRM O NuCRM combina gest\u00e3o de clientes com gest\u00e3o de projetos. Oferece fatura\u00e7\u00e3o, propostas, cota\u00e7\u00e3o, despesas, contratos, metas, [&hellip;]<\/p>\n              <\/div>\r\n              <a class=\"arrow-btn\" href=\"https:\/\/www.nuvia.co.mz\/index.php\/service\/gestao-empresarial\/\">\r\n                    <i class=\"bi bi-arrow-up-right\"><\/i>\r\n                  <\/a>\r\n            <\/div>\r\n                \r\n                        \r\n                          <\/div>\r\n                              <div class=\"col-lg-4 col-md-6\">\r\n                    \r\n                            <div class=\"service-item style-2\">\r\n                    <div class=\"service-icon\">\r\n                            <\/div>\r\n              <div class=\"service-desc\">\r\n                  <div class=\"service-title\">\r\n                  <h4><a href=\"https:\/\/www.nuvia.co.mz\/index.php\/service\/servicos-operacoes\/\">Servi\u00e7os &amp; Opera\u00e7\u00f5es<\/a><\/h4>\r\n                <\/div>\r\n                <p>Solu\u00e7\u00f5es digitais que aumentam efici\u00eancia e reduzem falhas operacionais. NuClean O NuClean ajuda empresas de limpeza a organizarem seus contratos, escalas de trabalho e fatura\u00e7\u00e3o. O sistema automatiza rotinas e garante maior efici\u00eancia na gest\u00e3o das equipas e clientes. Adquirir Solu\u00e7\u00e3o NuLaundry Com o NuLaundry, lavandarias podem gerir pedidos, recolhas e entregas de forma totalmente [&hellip;]<\/p>\n              <\/div>\r\n              <a class=\"arrow-btn\" href=\"https:\/\/www.nuvia.co.mz\/index.php\/service\/servicos-operacoes\/\">\r\n                    <i class=\"bi bi-arrow-up-right\"><\/i>\r\n                  <\/a>\r\n            <\/div>\r\n                \r\n                        \r\n                          <\/div>\r\n                              <div class=\"col-lg-4 col-md-6\">\r\n                    \r\n                            <div class=\"service-item style-2\">\r\n                    <div class=\"service-icon\">\r\n                            <\/div>\r\n              <div class=\"service-desc\">\r\n                  <div class=\"service-title\">\r\n                  <h4><a href=\"https:\/\/www.nuvia.co.mz\/index.php\/service\/logistica-transportes\/\">Log\u00edstica &#038; Transportes<\/a><\/h4>\r\n                <\/div>\r\n                <p>Organize entregas, aluguer de viaturas e gest\u00e3o de frotas de forma simples, eficiente e em tempo real. NuCourier O NuCourier \u00e9 uma plataforma moderna para gest\u00e3o de entregas e servi\u00e7os de courier. Com ele, empresas conseguem rastrear encomendas em tempo real, organizar motoristas, otimizar rotas e oferecer uma experi\u00eancia superior aos clientes. A automatiza\u00e7\u00e3o reduz [&hellip;]<\/p>\n              <\/div>\r\n              <a class=\"arrow-btn\" href=\"https:\/\/www.nuvia.co.mz\/index.php\/service\/logistica-transportes\/\">\r\n                    <i class=\"bi bi-arrow-up-right\"><\/i>\r\n                  <\/a>\r\n            <\/div>\r\n                \r\n                        \r\n                          <\/div>\r\n                       <\/div>\r\n        \t\t\t\t<\/div>\n\t\t\t\t<\/div>\n\t\t\t\t\t<\/div>\n\t\t<\/div>\n\t\t\t\t\t<\/div>\n\t\t<\/section>\n\t\t\t\t<section class=\"elementor-section elementor-top-section elementor-element elementor-element-f019e99 elementor-section-boxed elementor-section-height-default elementor-section-height-default\" data-id=\"f019e99\" data-element_type=\"section\" data-e-type=\"section\">\n\t\t\t\t\t\t<div class=\"elementor-container elementor-column-gap-default\">\n\t\t\t\t\t<div class=\"elementor-column elementor-col-100 elementor-top-column elementor-element elementor-element-ee55af3\" data-id=\"ee55af3\" data-element_type=\"column\" data-e-type=\"column\">\n\t\t\t<div class=\"elementor-widget-wrap elementor-element-populated\">\n\t\t\t\t\t\t<div class=\"elementor-element elementor-element-2d6386e elementor-widget elementor-widget-ht-timeline\" data-id=\"2d6386e\" data-element_type=\"widget\" data-e-type=\"widget\" data-widget_type=\"ht-timeline.default\">\n\t\t\t\t<div class=\"elementor-widget-container\">\n\t\t\t\t\t\r\n        <!-- Start rendering the output -->\r\n\r\n        <div class=\"main-timeline position-relative\">\r\n                  <div class=\"timeline-item\">\r\n            <div class=\"date-content\">\r\n              <div class=\"date\">\r\n                  2025                <\/div>\r\n            <\/div>\r\n            <div class=\"timeline-icon\">\r\n              <i aria-hidden=\"true\" class=\"flaticon flaticon-checked\"><\/i>            <\/div>\r\n            <div class=\"timeline-content col-md\">\r\n              <h4>Lan\u00e7amento da Nuvia<\/h4>\r\n              <p data-start=\"271\" data-end=\"403\">Nasce a <strong data-start=\"279\" data-end=\"288\">Nuvia <\/strong>fruto do <strong>emprezzas.com<\/strong>, um hub de softwares SaaS focado em oferecer solu\u00e7\u00f5es digitais inteligentes para empresas de diferentes setores.<\/p>  \r\n            <\/div>\r\n          <\/div>\r\n                <\/div>\r\n\r\n        <!-- End rendering the output -->\r\n\r\n\r\n\r\n        \t\t\t\t<\/div>\n\t\t\t\t<\/div>\n\t\t\t\t\t<\/div>\n\t\t<\/div>\n\t\t\t\t\t<\/div>\n\t\t<\/section>\n\t\t\t\t<\/div>\n\t\t","protected":false},"excerpt":{"rendered":"<p>Sobre n\u00f3s A Nuvia \u00e9 um hub de softwares SaaS focado em oferecer solu\u00e7\u00f5es digitais inovadoras que simplificam a gest\u00e3o e aceleram o crescimento de empresas de diferentes setores.Mais do que sistemas, entregamos solu\u00e7\u00f5es inteligentes, acess\u00edveis e adaptadas \u00e0 realidade dos nossos clientes. Softwares em nuvem. Facil configura\u00e7\u00e3o. Suporte cont\u00ednuo. Uso em qualquer area. Contactar [&hellip;]<\/p>\n","protected":false},"author":1,"featured_media":0,"parent":0,"menu_order":0,"comment_status":"closed","ping_status":"closed","template":"","meta":{"_acf_changed":false,"_joinchat":[],"footnotes":""},"class_list":["post-805","page","type-page","status-publish","hentry"],"acf":[],"_links":{"self":[{"href":"https:\/\/www.nuvia.co.mz\/index.php\/wp-json\/wp\/v2\/pages\/805","targetHints":{"allow":["GET"]}}],"collection":[{"href":"https:\/\/www.nuvia.co.mz\/index.php\/wp-json\/wp\/v2\/pages"}],"about":[{"href":"https:\/\/www.nuvia.co.mz\/index.php\/wp-json\/wp\/v2\/types\/page"}],"author":[{"embeddable":true,"href":"https:\/\/www.nuvia.co.mz\/index.php\/wp-json\/wp\/v2\/users\/1"}],"replies":[{"embeddable":true,"href":"https:\/\/www.nuvia.co.mz\/index.php\/wp-json\/wp\/v2\/comments?post=805"}],"version-history":[{"count":26,"href":"https:\/\/www.nuvia.co.mz\/index.php\/wp-json\/wp\/v2\/pages\/805\/revisions"}],"predecessor-version":[{"id":1617,"href":"https:\/\/www.nuvia.co.mz\/index.php\/wp-json\/wp\/v2\/pages\/805\/revisions\/1617"}],"wp:attachment":[{"href":"https:\/\/www.nuvia.co.mz\/index.php\/wp-json\/wp\/v2\/media?parent=805"}],"curies":[{"name":"wp","href":"https:\/\/api.w.org\/{rel}","templated":true}]}}